1 + 5
3
-8 - -7 - (-5 - (-1 - 0))
3
What is (4 - (1 + 7)) + -1?
-5
What is 25 + -18 + 1 + -1?
7
Evaluate -2 - (16 + -11 + -15).
8
What is the value of 6 - (-4 + 10 + -2)?
2
-4 - (1 + 3 + 1 + -4)
-5
Evaluate -2 - (-6 + -1) - 0 - 6.
-1
-6 - (5 + -10) - (0 - 0)
-1
What is (1 - -1 - 1) + 5?
6
Calculate 9 + 0 + -3 + -3.
3
What is the value of 3 - (8 - (18 + -7))?
6
Calculate (-3 - (2 - 1 - 1)) + 1.
-2
Evaluate 6 + -8 + 1 - 0.
-1
What is -2 + (-3 - -6 - 3) + -1?
-3
4 + 0 + (-2 - 7)
-5
What is -2 + (3 + (-6 - 4) - -4)?
-5
Calculate (-51 - -33) + (-2 - (3 + -13)).
-10
What is the value of -1 + (5 - 3) + -4 + 1?
-2
7 + 1 - (24 - 19)
3
-8 + 2 + -5 + 7
-4
Evaluate 7 + 0 + -8 + 2.
1
Calculate -2 - (3 + -5) - 1.
-1
Evaluate -1 - (4 + 0 + -1).
-4
Calculate -10 + -1 + 0 - -3.
-8
What is 12 + -5 + 9 - 7?
9
What is the value of -2 + (5 - 10 - -9)?
2
What is (6 - 3 - 2) + 2 + 0?
3
Evaluate -6 + 3 + 1 + 4 + -4.
-2
Evaluate -3 + 0 - (14 + -16).
-1
-8 + 9 + -8 + 3
-4
-5 - -2 - -5 - -1
3
What is 0 + 13 + -17 + 8?
4
What is the value of -1 + 7 + (-2 + -11 - -5)?
-2
What is the value of (-6 - -10) + 1 + -4?
1
What is 5 - (6 - 2) - -3?
4
(1 - -1) + (16 - 19)
-1
What is the value of 1 + -2 - (3 + -3 + 3)?
-4
Evaluate 7 - ((8 - 13 - -7) + -1).
6
Evaluate -6 + 0 + 6 + 0.
0
-3 + (3 - 3 - (-1 + 0))
-2
(1 + 0 - (2 - -5)) + 6
0
What is the value of 0 + -4 + -5 - -4?
-5
What is the value of -28 + 27 + (1 - 1) + 3?
2
-1 - 6 - (1 + -10)
2
-6 - ((-4 - -2) + -9 + 9)
-4
Evaluate 9 + -9 - 14 - (-6 - -1).
-9
4 + -16 + 3 + (2 - -2)
-5
What is 4 - ((-2 - (4 + -4)) + 3)?
3
(-8 - -1) + 15 + -6
2
26 - 24 - (-3 + (6 - -4))
-5
(-2 - 0) + (2 - (5 + 0))
-5
Evaluate 5 + (1 - -4) + -8 + 3.
5
4 - (-12 + 10 + -2)
8
Evaluate 1 + (2 - 0) + (1 - 4).
0
Calculate -4 + 2 + 11 + -9.
0
Calculate 4 + 0 + 1 + (386 - 397).
-6
(2 - 5) + (3 + -5 - -1)
-4
Calculate -1 - (0 - (-1 + -3) - 0).
-5
What is (20 - 28) + 11 + -2?
1
What is -5 + 0 + -13 + 14?
-4
What is the value of (0 - (6 + 0)) + 3?
-3
What is the value of -5 - (-7 + (8 - 2))?
-4
Evaluate 3 + -3 + 11 - (2 - -3).
6
What is the value of (3 - 2) + (0 - -3)?
4
What is the value of 3 - 4 - (0 - -8) - -4?
-5
(6 - (0 - 4)) + -6
4
What is the value of (-1 - -1 - 1 - -3) + -2?
0
Evaluate (-1 - (-4 + 3)) + (-1 - 2).
-3
What is the value of 4 - (9 - (-9 - -15))?
1
What is -5 + (13 - 4) + 4?
8
Evaluate -3 - (-1 - -2) - -3.
-1
Evaluate 0 + 6 + (-12 - -9) - -2.
5
Evaluate -3 + (-5 - -3) - -3.
-2
Evaluate 1 + 10 + -7 + -8.
-4
What is the value of -12 + 1 - (210 - 223)?
2
Calculate -3 + (-12 - -17) + 0.
2
Calculate (2 - -1) + (42 - 40).
5
Evaluate -1 - -3 - (9 + 0).
-7
Evaluate 8 + (-8 - 0 - 0).
0
What is 5 + -2 - 3 - -3?
3
What is the value of -2 + 0 - (-2 - 1)?
1
Calculate 8 + -5 - (8 - (-1 + -2)).
-8
What is the value of 4 - (-1 - (-1 - 5)) - 3?
-4
What is the value of 6 - (-1 + 3) - 8?
-4
(3 - (5 + -5)) + -8 + 0
-5
Evaluate (2 - (2 - 1) - -7) + -18.
-10
What is -8 + 5 + -6 + 4?
-5
What is (0 - 1) + (-12 - -14) - -3?
4
(0 - 4) + 7 + -1
2
Calculate 5 + (-4 - -1 - 2 - -7).
7
Evaluate 4 - 2 - (3 - (8 + -5)).
2
Evaluate 8 - (3 - 4 - -3).
6
Calculate -1 + 19 + (90 - 102).
6
-12 - (-4 - (6 - 7))
-9
Evaluate -1 + 4 + -3 + -1.
-1
4 + -4 - (2 - 1 - 4)
3
What is (-7 - -6) + (-1 + 1 - 1)?
-2
-2 + 0 - (10 + -2 + -10)
0
Calculate -6 + 0 - (-7 - (-1 - 1)).
-1
Evaluate -1 + -1 + 1 + -2 + -1.
-4
6 + (-9 - -6) - 4 - -2
1
Evaluate -5 - (2 - 2 - 1).
-4
What is 11 - (13 + 2 + -7)?
3
Calculate -2 + 1 + (-17 - (-11 + -6)).
-1
What is the value of -4 - (-10 + 2) - 0?
4
Calculate (0 - 8) + 8 + 1.
1
-2 - 0 - (-61 - -52)
7
What is the value of -1 - 2 - (-5 - 0)?
2
Calculate 1 + -3 + -8 + 10.
0
1 + -2 + (0 - 0)
-1
What is 11 + -10 + (0 - (1 - 1))?
1
What is (1 - 1) + -8 + 14?
6
What is the value of 1 + (1 - (0 - -4)) - 1?
-3
What is the value of 4 - (10 - (-1 + 4))?
-3
0 - (4 + -9 - -2)
3
What is the value of 18 - (13 + -5 - -1)?
9
What is the value of -14 - (0 + -6) - -4 - -7?
3
-3 - (-7 + (0 - -5))
-1
What is the value of (4 - 6) + -1 + (-4 - -3)?
-4
Calculate (-1 - -1 - 1) + (1 - 1).
-1
What is -3 + (-2 + -2 - -3) - -1?
-3
1 + 0 + -3 + 1
-1
(1 - -1) + 2 + -3 + 2
3
Calculate 5 + (2 + -1 + -2 - -7).
11
Evaluate 1 + -5 - (-17 + 14).
-1
What is the value of -3 + 1 - (2 + -7 + 5)?
-2
What is 82 + -80 + 5 + 1?
8
Evaluate (13 - -5) + -13 - (2 + 5).
-2
What is the value of 13 - 9 - (18 - 3) - -5?
-6
5 + (0 + -2 - -4 - 8)
-1
Evaluate (1 - 5) + (-3 - -3) - -4.
0
Evaluate -6 - -7 - (4 - (-2 + 1)).
-4
Calculate 0 + -4 + 5 + 3.
4
Calculate -1 - -1 - 2 - -3.
1
Calculate (-4 - -6 - 7) + 7.
2
(1 - -3) + -12 + (7 - 4)
-5
Calculate 2 + -2 + 0 + -13 + 14.
1
Calculate -5 + 14 + -8 + -2.
-1
What is 4 - ((11 - 6) + 0)?
-1
What is the value of -2 - (-1 + 6 - 8)?
1
What is the value of (-7 + 0 - (26 - 32)) + -8?
-9
-1 - 0 - (-7 - (10 + -13))
3
Evaluate 6 - (-1 + -14 + 10).
11
What is the value of (4 - (-7 + (18 - 1))) + 11?
5
What is the value of 2 + -5 - -1 - (2 - 8)?
4
What is the value of 10 + -1 + -2 + -3?
4
What is the value of 5 + -2 + (-2 + 6 - 2)?
5
What is the value of (-4 - -3) + 2 + -6?
-5
What is the value of -1 + (-8 - -6) + 3?
0
What is the value of (10 - 2) + (-11 - 1)?
-4
Calculate 8 - (-1 + 8 + -6).
7
Evaluate -6 + 4 + -2 - -1.
-3
What is the value of 9 + -10 - (-14 + 6)?
7
What is the value of 3 + -10 + 7 + (4 - -1)?
5
Evaluate (-3 - -3) + -1 + 1.
0
Calculate 3 + -2 - (-14 - -15).
0
What is (7 - 3) + -6 - (-1 - -2)?
-3
Calculate (-1 - 1) + (18 - 13).
3
What is the value of -6 + -2 + 11 + 0 + -4?
-1
What is the value of -2 - (-7 - -5) - -1?
1
What is the value of (12 - 2) + (26 - 34)?
2
Calculate 2 + 4 + 0 + 7 + -9.
4
What is the value of 0 - (4 - 3 - (7 - 9))?
-3
What is 12 + -6 - 4 - -1?
3
-1 - 6 - (96 - 98)
-5
Evaluate 1 - (6 + -4 + 3).
-4
Evaluate -16 + 19 - (4 - 3 - 0).
2
(8 - 11) + 10 - 5
2
Calculate 3 + (-5 - (4 - 9)).
3
Calculate (-4 + 4 - (-3 + 8)) + 0.
-5
Calculate 2 + 4 + -2 + -2.
2
What is the value of -16 - (4 + -22 - -8)?
-6
Calculate -68 + 81 + 0 + -8.
5
Evaluate 1 + 3 + -1 + -6 + 1.
-2
What is the value of -6 - (6 + -11 - 0)?
-1
Evaluate -2 + (-4 - (4 + -8)).
-2
Evaluate (8 - ((1 - -6) + -4)) + 2.
7
-1 - (-7 - -3 - (2 + -2))
3
Calculate 4 - (0 - 1 - -3).
2
What is 11 - 2 - 0 - (-7 - -12)?
4
What is the value of -7 + (4 - 2 - 0) + 5?
0
What is the value of -2 - 0 - (-7 - 0 - -3)?
2
Evaluate 16 + -14 + (3 - 5).
0
Calculate 0 + -6 + (0 - -9).
3
Evaluate -5 - 0 - (7 - 3 - 5).
-4
What is the value of -10 - (-7 - -1) - (2 - 1)?
-5
What is 4 + -9 - (4 - -2 - 0)?
-11
-1 + 5 - (-9 + 12 - -3)
-2
Evaluate 0 + (0 - 2) + 1.
-1
Calculate -5 - (-5 + (5 + 1 - 3)).
-3
What is (-4 - -7 - 4) + 0?
-1
What is the value of (-1 + 2 - 1) + 0 - -1?
1
What is the value of 2 + (7 - 4) + -8 - -1?
-2
Calculate 3 - (0 - 0 - -3).
0
What is the value of (-4 - (-4 - -3)) + 3 + -2?
-2
What is 2 + -4 - (73 + -75)?
0
What is the value of 4 - 1 - 8 - 1?
-6
Calculate -14 - (-27 + 13 + 0).
0
Calculate 0 - (1 + -1 + 0).
0
Evaluate (-3 - (3 - 5)) + 1.
0
Calculate 1 + (-3 + 4 - -2) + -4.
0
Evaluate -5 + 1 + (4 - 0) + -3.
-3
What is 1 + 1 - (38 + -32)?
-4
Calculate 16 - (7 - -9) - (2 - -6).
-8
What is the value of 8 + -11 - (-1 - 1)?
-1
-2 + 0 + 13 + -53 + 50
8
-2 + -1 + (3 - 4) + 7
3
Calculate 2 - ((1 - -3) + 2).
-4
Evaluate 1 + (0 + -1 - -1).
1
Calculate (-8 - (-3 - 3)) + -1.
-3
-2 - (-3 - (7 - 4))
4
What is 15 + -7 + -18 - (-1 - 1)?
-8
Evaluate (7 - 0) + -7 - 1.
-1
6 + 1 + 3 + -6
4
What is the value of 12 + (10 - 0) + -16?
6
Calculate 1 - -3 - (71 - 72).
5
-12 - (-11 - (11 - 17))
-7
Evaluate 2 - 2 - (-6 - -1).
5
What is 3 - (3 + 5 + -9)?
4
Evaluate (6 - (3 + -5 + 4)) + -3.
1
Calculate -4 + (-3 + 7 - -13 - 5).
8
What is (8 - (-4 + 13)) + (0 - -4)?
3
What is the value of (0 - -4) + -1 + -3 + 2?
2
(-11 + 15 - 5) + -7
-8
Calculate 1 + 6 + 2 + -7.
2
Calculate -3 - (1 - (3 - 0)).
-1
What is -8 - (-4 + -2 - 6)?
4
Evaluate (-11 - 0) + (-64 - -77).
2
What is 6 + 4 - 7 - 7?
-4
What is the value of 3 + 1 - (6 + -2 - 0)?
0
-10 + (-2 - -5) + 4
-3
1 + 0 + (-3 + 4 - -1)
3
0 + 9 + (-17 - -12)
4
-1 + -2 + 2 + -4
-5
0 + 3 + -3 + -9 + 10
1
Calculate -7 - (-3 + -6 + 0).
2
What is the value of 7 + -8 + -1 + 4?
2
Evaluate 8 + -1 - (13 + -16 + 5).
5
What is the value of 2 + 3 + -7 + 8?
6
Calculate 11 + -6 + 3 - 3 - 15.
-10
What is th